t + 24, -4*t = -s + 3*s. Let y be (-6 - -12 - -5)*s/(-6). Let p(m) = m**2 - 10*m + 10. Give p(y).
21
Let s(k) = 2*k**3 + 42*k**2 - 201*k - 28. Let y be s(-25). Let c(g) = 3*g**2 + 14*g + 25. What is c(y)?
10
Let f(a) = -2*a**2 - 5. Let p = -10799 - -10796. Give f(p).
-23
Let r be ((-6)/4 + 1)/((-2)/4). Let b(m) = 9*m**2 + 8*m - 8. Let d be b(r). Let w be (1 - d) + 9*7/21. Let v(h) = -h**2 - 5*h + 6. What is v(w)?
6
Let h(l) = 98*l**2 + 251*l - 9. Let k(i) = -87*i**2 - 252*i + 7. Let n(x) = 4*h(x) + 5*k(x). Determine n(-6).
-13
Let d(g) be the second derivative of g**5/20 - 3*g**4/4 - 11*g**3/6 + 7*g**2 + 2128*g. Let z = 34 + -24. Calculate d(z).
4
Suppose 8*y - 12*y = 16. Let f(x) = 29 + 16 - 64 - 2*x + 21 - 2*x**2. Determine f(y).
-22
Let x(k) = 1014*k - 1574 + 1582 - 1032*k. Give x(-2).
44
Let l(y) be the third derivative of 0 - 1/15*y**5 + 7/6*y**3 + 4*y + 5/24*y**4 - 1/120*y**6 - y**2. Calculate l(-5).
7
Let q(b) = b**3 - 3*b**2 + 12*b**2 + 66*b - 5 - 76*b. Let t(n) = 250*n - 1510. Let d be t(6). Calculate q(d).
-5
Let u(h) = -19*h - 16. Let n(c) = 7*c + 7. Let i(t) = 7*n(t) + 3*u(t). Suppose 2*d - 6 + 2 = 2*g, 5*g + 1 = -4*d. Calculate i(d).
-7
Let p(s) = 6*s - 20*s - 96*s**2 - 2 + 81*s**2 - s**3. Suppose 62*c + 700 = 12*c. What is p(c)?
-2
Let b = -11715 + 11716. Let m(h) = 14*h**3 + h - 1. Calculate m(b).
14
Let k(f) = -51*f - 25. Let y(b) = 45*b + 27. Let l(a) = -7*k(a) - 8*y(a). Give l(-13).
-2
Let z(y) = -124*y + 189. Let g(j) = -137*j + 187. Let m(u) = -9*g(u) + 10*z(u). Give m(29).
4
Let v(p) = 5*p - 50 - 48 + p**2 + 94 + 0*p. Let c(t) = t**3 - 15*t**2 - 15*t - 13. Let z be c(16). Suppose z*f = -0*b + 5*b + 23, 4*b + 12 = 4*f. What is v(b)?
10
Let f(s) = s**2 - 1. Let n = -1 + -5. Let o = -58 + 64. Let m = o + n. What is f(m)?
-1
Let h(s) = 3*s + 8. Suppose 9*r - 3 = -3. Suppose 5*o + c + 31 = 0, r = -2*o - 2*c - 3 - 11. Determine h(o).
-10
Suppose 4*m - 5*m = -5*i - 69, 1 = -i - 3*m. Let w(f) be the second derivative of -f**3/3 - 31*f**2/2 + 78*f. What is w(i)?
-5
Let w(s) = -227*s + 123*s - 18 + 97*s. Determine w(-2).
-4
Let b(x) = -x**2 - 6*x + 10. Suppose 90 = -z + 2*z. Suppose 3*r - 12*r = -z. Let i be 198/(-30) - 4/r. What is b(i)?
3
Let h be 25 + -22 + (-4)/((-8)/14). Let j(l) = 14*l - h*l + 7 - 4. Suppose -17 = 5*o + 13. Give j(o).
-21
Let r(h) = -h**2 + 2*h - 2. Let t = -179 - -197. Suppose -2*m = -3*q - t, -2*m - 1 = 3*q + 5. Give r(m).
-5
Let c(i) = -i + 1. Let t(l) = -4 + 4*l - 3*l + 3. Let w = -458 + 454. Let z(m) = w*t(m) - 5*c(m). What is z(9)?
8
Suppose 3*x + 3*h + 6 = 0, -69*h + 14 = -5*x - 72*h. Let i(q) = 5*q + 23. Give i(x).
3
Let o(b) = -3*b**2 + 4. Let c = 410 + -412. Let q(k) = k**2 - 2*k + 2. Let r(s) = c*q(s) - o(s). What is r(-5)?
-3
Suppose -47*a = -29*a - 54. Suppose -a*x = 5*u - 32, 2*x - 23 = -u - 4*u. Let q(c) = c**3 - 8*c**2 - 10*c + 8. What is q(x)?
-1
Let j(y) = -8*y**2 + 1 + 8*y - y**3 + 0*y**3 + 2*y**3. Suppose 1029 = 8*p + 45. Let r = p - 117. Determine j(r).
-23
Let g(h) = 2*h - 45. Suppose -93*s + 80*s + 303 = 4. Calculate g(s).
1
Let p(t) = -10*t**2 + 68*t + 2. Let s(b) = b**2 - 13*b - 1. Let g(c) = 2*p(c) + 10*s(c). Calculate g(1).
-10
Let j(m) = m**2 - 2*m - 46. Let k = -66 + 74. Let a be j(k). Suppose -f = f + a*f. Let n(x) = x**3 + x**2 - x + 7. Determine n(f).
7
Let y(m) be the first derivative of 2*m - 10*m**2 + 13*m**2 - 57 - 2*m**2 + 0*m. What is y(6)?
14
Let d(u) be the third derivative of 0*u + 1/60*u**5 + 32*u**2 - 1/3*u**3 + 0 + 7/24*u**4. What is d(-7)?
-2
Let w(k) = -k**3 + 35*k**2 + 29*k - 14. Let b be w(36). Let a = b - -271. Let j(q) = q**2 - 7*q + 7. What is j(a)?
-3
Let q(s) be the second derivative of s**3/6 + 13*s**2/2 - 2*s. Let g = 14673 - 14689. What is q(g)?
-3
Let s(c) = -c**2 - c - 1. Let b(i) = 3*i**2 + 4*i + 4. Let x(a) = -2*b(a) - 7*s(a). Let h = -15826 - -15824. Calculate x(h).
5
Let s(v) = -2*v**3 + 65*v**2 + 201*v - 230*v - 7 - 72. Give s(32).
17
Suppose 13*j = -101*j + 114. Let l(p) be the first derivative of j - p**3 - 2*p + 5/2*p**2 - 1/4*p**4. Give l(-4).
-6
Let r be (-2 - -1) + (3 - 0). Let x(m) = 17*m - 15. Let w(s) = 3*s - 3. Let c(h) = 11*w(h) - 2*x(h). Let j(t) = -1. Let a(n) = r*j(n) - c(n). What is a(4)?
5
Let w(s) = 14*s + 10. Let f(u) = -26*u - 18. Let d(y) = 6*f(y) + 11*w(y). Calculate d(3).
-4
Let z(s) be the third derivative of s**4/3 - 53*s**3/6 + 1266*s**2. Determine z(6).
-5
Let p(b) = -164*b**2 + 70*b + 202. Let x(s) = -213*s**2 + 93*s + 269. Let n(j) = -13*p(j) + 10*x(j). Determine n(-4).
16
Let v(j) = -j**3 - 9*j**2 - 8*j + 4. Let t = 19 - 23. Let l be (-7)/14*-1*t*4. What is v(l)?
4
Let b(y) = -y**2 + 5*y + 2. Suppose m - i - 87 = 0, -3*m - 3*i = -101 - 172. Let d = 96 - m. Give b(d).
-12
Suppose -4*p - 4*h = 52 + 60, -5*p = -3*h + 92. Let w(d) = -d**3 - 21*d**2 + 19*d - 57. Give w(p).
9
Let t(y) = 466 + 493 - 9*y + 458 - 1332. Determine t(10).
-5
Let i(l) = -l**2 + 11*l + 35. Suppose 0 = -0*t - 3*t - 2*s + 41, -14 = -t - s. Let w be i(t). Let c(a) = a**2 + 11 + 2*a**2 + 8*a + 2 - 4*a**2. What is c(w)?
4
Let x be ((-3444)/18)/(224/(-48)). Let v(a) = -2*a**2 + 83*a - 33. Calculate v(x).
8
Let k be 1*4/(-32)*-16. Let c(m) = 2*m**3 + m**2 - 4*m + 3. Determine c(k).
15
Let z(j) = -5*j**3 - 12*j**2 + 8*j + 6. Let u(c) = -c**3 - 3*c**2 + 3. Let v(m) = 4*u(m) - z(m). Determine v(2).
-2
Let l(n) be the third derivative of -n**6/120 - n**5/15 + 5*n**4/24 + 2*n**3/3 + n**2 - 64*n. Let p be (-8 + 18)*(3/(-2) - -1). Determine l(p).
4
Suppose 29*s + 8*s + 105 = 586. Let r(h) = -16*h + 207. What is r(s)?
-1
Let c(p) = -13*p. Let t(z) = -59*z + 1. Let i(m) = -3*c(m) + t(m). Determine i(-1).
21
Let p(y) = -6*y**3 - 2*y**2 + y + 2. Let t be p(-1). Let a(h) = -3*h - 2*h + t - 1479*h**2 + 1480*h**2 - 15. Give a(5).
-10
Let p(x) be the first derivative of -5*x**2/2 - 3*x - 198. Let z(f) = -f**2 + 14*f - 50. Let m be z(8). Calculate p(m).
7
Suppose 8*v - 6*v = 32. Suppose -25*r + v = -134. Let m(z) = -z**2 + 7*z - 8. Calculate m(r).
-2
Let c(r) be the third derivative of r**6/120 - 7*r**5/60 + 3*r**4/8 + r**3 - 11*r**2 - 3*r + 104. Give c(6).
24
Let b(y) = 1637*y + 3 + 1649*y + 1638*y + 2*y**2 + 0 - 4926*y. Let p = 5 - 3. What is b(p)?
7
Let m = 131 + -127. Let g(c) = 18*c - 2. Let i(h) = -6*h + 1. Let f(z) = 4*g(z) + 14*i(z). Determine f(m).
-42
Let t(i) = i**2 - 9*i + 15. Let p(a) = 26*a - 131. Let y be p(15). Let z be (-2 - 5)*(-333)/y. Give t(z).
15
Let b(o) = -o**3 + 10*o**2 - 9*o - 6. Let p(v) = -8*v + 74. Let u be p(8). Suppose u + 26 = 4*k. Give b(k).
-6
Let y(a) = 5*a**3 - 2*a**2 + 2*a - 1. Suppose 15 = 3*k + 10*r - 7*r, -5*k + r = -37. Suppose -2*b - 5 + k = 0. Give y(b).
4
Let d(o) be the second derivative of -o**4/12 + 7*o**3/6 + 9*o**2/2 + 658*o - 1. Determine d(10).
-21
Let q(c) = -c**2 + c. Let t(j) = -30*j + 155. Let f be t(5). Suppose -f*h + a = -20, 5*a + 14 = -3*h - 2. Calculate q(h).
-6
Let n(o) = 15*o - 16. Let k be (-2 + 836/407)*37. What is n(k)?
14
Let g(n) = -3*n**3 - 525*n**2 - 8*n + 4*n**3 + 517*n**2 - 8. Let j = 48 - 39. What is g(j)?
1
Suppose -3*x - 17 = -8, -3*c + 72 = -x. Suppose 6*g + 87 = -c*g. Let o(m) be the second derivative of -m**4/6 - m**3/2 + m**2 + m. Give o(g).
-7
Let d(z) = -4*z - 5. Let i = 315 + -311. Suppose 529*q - 530*q - i = 0. Give d(q).
11
Let a(c) = -c - 3. Let g = 80 + -89. Let d be 11/3 - 3/g. Suppose -d*l = 3*l. What is a(l)?
-3
Let j(c) = c**3 + c**2 + c + 1. Let h(g) = 3*g**3 + 15*g**2 + 18*g - 13. Let l(i) = -h(i) + 4*j(i). What is l(12)?
-7
Let o be (-21)/(-4) + (-104)/32 + 4. Let n(c) = 7*c + 4 + 2 - 12 + 11*c**2 - 12*c**2. Calculate n(o).
0
Let y(n) = n**3 - 16*n**2 - 18*n + 13. Suppose 5*t = -8 + 93. Let r be y(t). Let x = r + 11. Let o(s) = s - 6. Calculate o(x).
1
Let p = -21 + 71. Let d = p - 52. Let j(i) be the third derivative of i**5/20 + i**4/6 + i**3/3 + 14*i**2. Calculate j(d).
6
Let l(c) = 3*c**3 - 2*c**2 + 2*c + 2. Let z be l(2). Suppose -3*i - 8 = -4*x, -6 - z = -2*i - 4*x. Let t(g) = 3*g + g - 2*g - i*g. What is t(-1)?
2
Let a(k) = 2*k**3 - 2*k**2 - 1. Let z = 74 + -72. Suppose -24 = z*g - 14*g. Calculate a(g).
7
Let p = 481 + -477. Let l(d) = 16 + d**2 + 18 + 13 - 39 + 4*d + p*d. Calculate l(-7).
1
Suppose -42 = -25*g + 18*g. Let y(q) = 0 + 26*q**3 + g*q**2 + 5*q + 24*q**3 + 4 